= 95 + s. Let h = 12676 + -12667. Calculate the remainder when c is divided by h.
8
Suppose 0 = 5*m - 16 - 4. Suppose -p + 2 = 5*y - 22, -m*y = -p + 42. Let t = p + 41. Calculate the remainder when t is divided by 13.
10
Let g = 134 - 119. Suppose -p - 3 + g = 0. What is the remainder when 71 is divided by p?
11
Let m(g) = -87*g - 65 - 2*g**3 - 22*g**2 - 2*g**3 + 3*g**3 + 105*g. Calculate the remainder when m(-23) is divided by 19.
12
Suppose 7*o - 3*o - 4*q = 336, -3*q - 172 = -2*o. Suppose 502 = -11*w + 13*w. What is the remainder when w is divided by o?
11
Let f(w) = 280*w + 1232. What is the remainder when f(-4) is divided by 39 - 1*(-2 + 0)?
30
Let q = 8731 - 8689. Calculate the remainder when 918 is divided by q.
36
Let t(q) = -2*q**3 - 24*q**2 - 40*q + 2. Calculate the remainder when (-9)/15 + (-26)/(-10) is divided by t(-10).
0
Suppose 4*i + 491 - 1900 = 1939. Calculate the remainder when i is divided by 120.
117
Suppose -3*g = 2*n - 125, 5*g = -1609*n + 1610*n + 230. Calculate the remainder when 127 is divided by g.
37
Let r(q) = -q + 37. Let m be r(0). Let h = -37 + m. What is the remainder when (-1 - -38) + 0 + h is divided by 8?
5
Let q(n) = -n**3 + 7*n**2 + 81*n + 30. What is the remainder when 63 is divided by q(-6)?
3
Suppose -z - 31 = a, -2*a = 2*z - 7*a + 27. What is the remainder when 175 is divided by (-3 + z/(-10))*-25?
5
Suppose 70*q - 64*q - 138 = 0. Calculate the remainder when 49 is divided by q.
3
Let d = -2370 + 2527. Calculate the remainder when d is divided by 14.
3
Let u = -6456 - -6852. Calculate the remainder when u is divided by 75.
21
Let b be (7/(-3))/((-21)/9). Suppose -3*y + 4*o + 17 = -12, -83 = -5*y - 2*o. Let m = b + y. Calculate the remainder when m is divided by 4.
0
Suppose 0 = -2*r + 23 + 37. Let w = 38250 - 38198. What is the remainder when w is divided by r?
22
Calculate the remainder when 336 is divided by (-1)/(-6) + 1644/72 + (5 - 11).
13
Suppose 2*v - 5*m - 28 = -4*m, -2*v - 3*m + 44 = 0. Suppose 3*b = 97 + 281. What is the remainder when b is divided by v?
14
Suppose 7688 = 20*a + 3248. Calculate the remainder when a is divided by 9.
6
Suppose 12*v + 9*v = 4263. Calculate the remainder when v is divided by 63.
14
Let x(l) be the first derivative of -5*l**3/3 + 41*l**2/2 - 7*l - 125. What is the remainder when 5 is divided by x(8)?
0
Suppose -3*m + 7*m + 20 = 0. Let a(k) = 507*k - 5 - k**2 + 0*k**2 - 517*k. What is the remainder when 78 is divided by a(m)?
18
Let t = -10821 - -10826. Suppose -l = 5*d - 3*l - 183, -3*d - l + 112 = 0. Let f = d + -21. What is the remainder when f is divided by t?
1
Let u(v) = 7*v**2 - 54*v - 8. Let k(q) = q**2 - 13*q - 106. Let g be k(19). What is the remainder when u(g) is divided by 0 + (1 - -5) - 2?
0
Let n = -121 - -575. Suppose 5*d = -6*z + 2*z + n, -5*z - 445 = -5*d. Suppose -d - 54 = -4*x. What is the remainder when 47 is divided by x?
11
Suppose 2*f = 5*a - 62, 0 = 4*a - f - 48 - 4. Let t(d) = -3*d**2 - 292*d - 1912. What is the remainder when t(-90) is divided by a?
12
Suppose 4*g = -13*g + 51. Suppose 2*k - 104 = -d - d, -131 = -g*d + 2*k. Calculate the remainder when 183 is divided by d.
42
Suppose 10*w + 12*w - 66 = 0. Suppose 111 = 5*f + w*i, 2*i + 87 = 4*f + 5*i. Suppose c - 9 = -0. Calculate the remainder when f is divided by c.
6
Suppose 379 = 4*i + d, 4*i + 4*d - 193 = 195. Let c = 22 + -10. Let t = 37 + c. What is the remainder when i is divided by t?
45
Let p = -2245 + 2264. Calculate the remainder when 1097 is divided by p.
14
Suppose 212*x - 107*x + 3024 = 121*x. Calculate the remainder when 1497 is divided by x.
174
Suppose 0 = 3*j + 6*h - 423, 3*j + 9*h = 4*h + 421. What is the remainder when 557 is divided by j?
9
Let h(l) = -16*l**2 + 497*l - 12. Suppose 3*c + 222 = 5*c. What is the remainder when c is divided by h(31)?
16
Let u be (-1)/(14/(-956)) + 18/(-63). Let q = u - 59. Calculate the remainder when 187 is divided by q.
7
Suppose -2*s - 188 - 134 = -3*b, -b - 5*s = -96. What is the remainder when 1800 is divided by b?
104
Suppose 16 = 2207*c - 2206*c. What is the remainder when 3613 is divided by c?
13
Let n(c) = 4*c**2 - 22*c - 456. What is the remainder when n(-11) is divided by 136?
134
Let a(m) = 4*m**2 + m + 1. Let j be a(2). Suppose -67 + j = -4*x. Suppose 0 = 107*v - 102*v - 110. What is the remainder when v is divided by x?
10
Calculate the remainder when 1730 is divided by ((-3432)/(-9))/1*(-474)/(-316).
14
Suppose 1009*z + p = 1010*z - 48, -2*z = 2*p - 116. What is the remainder when 7046 is divided by z?
50
Let t(j) = -j**3 + 10*j**2 - j + 21. Let s(c) = c**2 + 27*c + 29. Let k be s(-26). Calculate the remainder when 1/(-3) + (-11)/k + 46 is divided by t(10).
9
Suppose 6 = 3*y - 5*y, 0 = 4*l + 3*y - 291. Let x(a) = 16*a**2 + a - 104. Let n be x(-7). Suppose 2671 = 74*h + n. What is the remainder when l is divided by h?
21
Let c(v) = v**2 + 14*v + 3. Let b be c(-14). Suppose -b*m = -9*m + 270. Suppose -4*q = -51 - m. Calculate the remainder when 143 is divided by q.
23
Let f = 9 + -11. Let s be -1 + -2 + f + 2. What is the remainder when 2 + (42 - s) - 4 is divided by 17?
9
Let n(y) = -y**2 - 287*y - 3730. What is the remainder when n(-14) is divided by 50?
42
Suppose 0 = -22*s - 90128 + 416234. What is the remainder when s is divided by 109?
108
Let j = -71 + 76. Suppose -3*r + 7 = -j. Suppose 4*a - 8 = 2*a - r*i, -a - 4*i - 6 = 0. What is the remainder when 25 is divided by a?
11
Let z(g) = g**2 - 13*g + 30. Let b = 562 - 562. What is the remainder when 192 is divided by z(b)?
12
Suppose 2*t = 7*g - 4*g + 92, -4*t + 184 = g. Let n(r) = -3*r - 6. Let z be n(-3). What is the remainder when t is divided by (-15 - -27)/(z/4)?
14
Let m be (21/9 - 1)*(-12)/(-8). Suppose -m*z + 99 = 9*z. Let c(j) = j**3 - 6*j**2 - 23*j + 6. Calculate the remainder when c(z) is divided by 22.
20
Suppose 2*g + 560 = 5*g - 2*a, -12 = 3*a. Calculate the remainder when g is divided by 53.
25
Suppose -s + 2 + 0 = -2*t, 4*t + 2*s = 4. Suppose t = -4*u - 5*o + 100, 3*u + 0*u = o + 75. Calculate the remainder when (24/(-20) + 1)*-485 is divided by u.
22
Let v(g) = -g**3 + 11*g**2 + 14*g - 26. Calculate the remainder when 182 is divided by v(-4).
24
Let z = -34 - -36. Suppose 3*f = z*f - 2*v + 31, -3*f - 3*v = -90. Let d = f + -24. What is the remainder when 10 is divided by d?
0
Let m = -2592 + 2624. What is the remainder when 104 is divided by m?
8
Let d be 231/14 + (-1)/2. Suppose 62*i - 58*i = d. What is the remainder when 1715/21 + i/(-6) is divided by 42?
39
Let d(z) = -4*z**3 + 3*z**2 - 2*z - 3. Let y(i) = -5*i. Let x be y(-4). Suppose 8*k - 260 - x = 0. What is the remainder when d(-3) is divided by k?
33
Let f be 124*(-1)/((-8)/(-10)). Let i = 296 + f. Suppose 0 = -2*z - 3*q + 89, 4*q + i = 3*z + q. Calculate the remainder when z is divided by 25.
21
Suppose 5*s - 4*g = 6584, 22*s - 26*s - 3*g + 5292 = 0. What is the remainder when s is divided by 187?
11
Suppose 104 = v - 5*y, 5*v = 9*v + 2*y - 394. Calculate the remainder when (22/v)/(3/4509) is divided by 48.
46
What is the remainder when 200 is divided by (-284)/(-2)*(6 - 176/32)?
58
Let x(c) be the first derivative of c**4/4 - 8*c**3/3 - 3*c**2 + 60*c - 30. Calculate the remainder when x(11) is divided by 18.
15
Let a be (((-36)/(-15))/2)/(42/140). What is the remainder when (-212)/(a*7/(-42)) is divided by 11?
10
Let u be 2/8 - (-9836)/16. Let f = 629 - u. Suppose -2 + 53 = m. What is the remainder when m is divided by f?
9
Suppose 63*q + 40*q + 15*q = 17700. What is the remainder when 749 is divided by q?
149
Suppose r - 35 = -3*c - 2, -2*r + 4*c + 86 = 0. Let m = 24 + -26. Calculate the remainder when r is divided by (m + 1)/((-2)/16).
7
Suppose 933 = -24*i + 1125. Calculate the remainder when 22 is divided by i.
6
Let u(x) = -13*x**3 - 111*x**2 + 7*x + 11. Calculate the remainder when u(-10) is divided by 37.
28
Suppose 0 = -7*f + 8 + 1133. Calculate the remainder when 391 is divided by f.
65
Let v = -17 - -38. Suppose -27*f - 696 = -v*f. Let d = 128 + f. Calculate the remainder when d is divided by 5.
2
Let q be 1/(3/(-447)*-1). Suppose 3*d = 4*a - 303, 0*a + q = 2*a + d. What is the remainder when a is divided by 6?
3
Suppose -3*h + 13 = -5*h + x, -3*x + 31 = -4*h. Let q = 8 + h. L